{"id":22,"date":"2012-06-03T21:04:50","date_gmt":"2012-06-03T19:04:50","guid":{"rendered":"http:\/\/blog.age-of-darkness.de\/?page_id=22"},"modified":"2013-01-12T19:37:44","modified_gmt":"2013-01-12T17:37:44","slug":"the-wizards-and-the-warriors","status":"publish","type":"page","link":"https:\/\/age-of-darkness.de\/?page_id=22","title":{"rendered":"(1) The Wizards and the Warriors"},"content":{"rendered":"<p><strong><img loading=\"lazy\" decoding=\"async\" class=\"size-medium wp-image-39 alignleft\" title=\"The Wizards and the Warriors\" alt=\"\" src=\"http:\/\/age-of-darkness.de\/wp-content\/uploads\/2012\/06\/01_the-wizards-and-the-warriors2-200x300.png\" width=\"200\" height=\"300\" srcset=\"https:\/\/age-of-darkness.de\/wp-content\/uploads\/2012\/06\/01_the-wizards-and-the-warriors2-200x300.png 200w, https:\/\/age-of-darkness.de\/wp-content\/uploads\/2012\/06\/01_the-wizards-and-the-warriors2-682x1024.png 682w, https:\/\/age-of-darkness.de\/wp-content\/uploads\/2012\/06\/01_the-wizards-and-the-warriors2.png 800w\" sizes=\"auto, (max-width: 200px) 100vw, 200px\" \/><\/strong><\/p>\n<p><strong>The Wizards and the Warriors<\/strong> (ISBN 0-552-12566-0, 544 Seiten) ist die <em>Erste Chronik eines Dunklen Zeitalters<\/em>; die deutsche Ausgabe ist bei Heyne als <em>Der Todesstein<\/em> erschienen.<\/p>\n<p>&nbsp;<\/p>\n<p>&nbsp;<\/p>\n<p>&nbsp;<\/p>\n<p>&nbsp;<\/p>\n<p>&nbsp;<\/p>\n<p><img loading=\"lazy\" decoding=\"async\" class=\"alignleft  wp-image-38\" title=\"Der Todesstein\" alt=\"\" src=\"http:\/\/age-of-darkness.de\/wp-content\/uploads\/2012\/06\/01_der-todesstein-192x300.png\" width=\"192\" height=\"300\" srcset=\"https:\/\/age-of-darkness.de\/wp-content\/uploads\/2012\/06\/01_der-todesstein-192x300.png 192w, https:\/\/age-of-darkness.de\/wp-content\/uploads\/2012\/06\/01_der-todesstein-655x1024.png 655w, https:\/\/age-of-darkness.de\/wp-content\/uploads\/2012\/06\/01_der-todesstein.png 768w\" sizes=\"auto, (max-width: 192px) 100vw, 192px\" \/><\/p>\n<p><strong>Der Todesstein<\/strong> (ISBN 3-453-14034-6, 654 Seiten, Heyne Fantasy 06\/9014, M\u00fcnchen 1998)<\/p>\n<p>Das ist die von Michaela Link ins Deutsche \u00fcbersetzte <em>Erste Chronik eines Dunklen Zeitalters<\/em>. Im Mittelpunkt der Geschichte stehen die Zauberer Heenmor, Pyphor, Garash und Miphon sowie die beiden Rovak-Krieger Elkor Alish und Morgan Hearst. Im englischen Wikipedia hei\u00dft es hierzu: Diese Chronik kommt einer traditionellen Fantasy-Erz\u00e4hlung noch am n\u00e4chsten, treibt aber auch \u2013 wie in allen B\u00fcchern Cooks \u2013 ihren Spa\u00df mit den herk\u00f6mmlichen Fantasy-Themen. Der Roman schafft die B\u00fchne und den Rahmen f\u00fcr die ersten f\u00fcnf Chroniken und stellt alle Hauptfiguren vor, die in den folgenden Chroniken auftreten werden.<\/p>\n<p><strong><img loading=\"lazy\" decoding=\"async\" class=\"size-medium wp-image-214 alignleft\" alt=\"wizardwar\" src=\"http:\/\/age-of-darkness.de\/wp-content\/uploads\/2013\/01\/wizardwar-180x300.jpg\" width=\"180\" height=\"300\" srcset=\"https:\/\/age-of-darkness.de\/wp-content\/uploads\/2013\/01\/wizardwar-180x300.jpg 180w, https:\/\/age-of-darkness.de\/wp-content\/uploads\/2013\/01\/wizardwar-617x1024.jpg 617w\" sizes=\"auto, (max-width: 180px) 100vw, 180px\" \/>\u00a0\u00a0 Wizard War<\/strong> ist die US-Ausgabe.<\/p>\n<p>&nbsp;<\/p>\n<p>&nbsp;<\/p>\n","protected":false},"excerpt":{"rendered":"<p>The Wizards and the Warriors (ISBN 0-552-12566-0, 544 Seiten) ist die Erste Chronik eines Dunklen Zeitalters; die deutsche Ausgabe ist bei Heyne als Der Todesstein erschienen. &nbsp; &nbsp; &nbsp; &nbsp; &nbsp; Der Todesstein (ISBN 3-453-14034-6, 654 Seiten, Heyne Fantasy 06\/9014, &hellip; <a href=\"https:\/\/age-of-darkness.de\/?page_id=22\">Weiterlesen <span class=\"meta-nav\">&rarr;<\/span><\/a><\/p>\n","protected":false},"author":1,"featured_media":0,"parent":18,"menu_order":1,"comment_status":"closed","ping_status":"closed","template":"","meta":{"footnotes":""},"class_list":["post-22","page","type-page","status-publish","hentry"],"_links":{"self":[{"href":"https:\/\/age-of-darkness.de\/index.php?rest_route=\/wp\/v2\/pages\/22","targetHints":{"allow":["GET"]}}],"collection":[{"href":"https:\/\/age-of-darkness.de\/index.php?rest_route=\/wp\/v2\/pages"}],"about":[{"href":"https:\/\/age-of-darkness.de\/index.php?rest_route=\/wp\/v2\/types\/page"}],"author":[{"embeddable":true,"href":"https:\/\/age-of-darkness.de\/index.php?rest_route=\/wp\/v2\/users\/1"}],"replies":[{"embeddable":true,"href":"https:\/\/age-of-darkness.de\/index.php?rest_route=%2Fwp%2Fv2%2Fcomments&post=22"}],"version-history":[{"count":18,"href":"https:\/\/age-of-darkness.de\/index.php?rest_route=\/wp\/v2\/pages\/22\/revisions"}],"predecessor-version":[{"id":309,"href":"https:\/\/age-of-darkness.de\/index.php?rest_route=\/wp\/v2\/pages\/22\/revisions\/309"}],"up":[{"embeddable":true,"href":"https:\/\/age-of-darkness.de\/index.php?rest_route=\/wp\/v2\/pages\/18"}],"wp:attachment":[{"href":"https:\/\/age-of-darkness.de\/index.php?rest_route=%2Fwp%2Fv2%2Fmedia&parent=22"}],"curies":[{"name":"wp","href":"https:\/\/api.w.org\/{rel}","templated":true}]}}